{"id":13,"date":"2014-07-02T23:47:16","date_gmt":"2014-07-02T21:47:16","guid":{"rendered":"http:\/\/test.datentechnik.gruenefeld.de\/?page_id=13"},"modified":"2020-02-04T20:54:23","modified_gmt":"2020-02-04T18:54:23","slug":"startseite","status":"publish","type":"page","link":"https:\/\/www.smartsystems.gruenefeld.de\/?page_id=13","title":{"rendered":"Kontakt"},"content":{"rendered":"\n<div class=\"wp-block-group\"><div class=\"wp-block-group__inner-container\"><\/div><\/div>\n\n\n\n<figure class=\"wp-block-image size-large is-resized\"><img loading=\"lazy\" src=\"http:\/\/www.datentechnik.gruenefeld.de\/wp-content\/uploads\/2020\/02\/tn150_Kontakt35167677.jpeg\" alt=\"\" class=\"wp-image-180\" width=\"361\" height=\"116\" srcset=\"https:\/\/www.smartsystems.gruenefeld.de\/wp-content\/uploads\/2020\/02\/tn150_Kontakt35167677.jpeg 463w, https:\/\/www.smartsystems.gruenefeld.de\/wp-content\/uploads\/2020\/02\/tn150_Kontakt35167677-300x97.jpeg 300w\" sizes=\"(max-width: 361px) 100vw, 361px\" \/><\/figure>\n\n\n\n<p><strong>Gr\u00fcnefeld Smart Systems<\/strong><br>Enno Gr\u00fcnefeld<br>Duffenterstra\u00dfe 59<br>52222 Stolberg<\/p>\n\n\n\n<p><br>Tel. +49-(0)2402-1240945<br>Fax +49-(0)2402-1240952<\/p>\n\n\n\n<p><br>info@smartsystems.gruenefeld.de<br>www.smartsystems.gruenefeld.de <\/p>\n\n\n\n<figure class=\"wp-block-image size-large is-resized\"><img loading=\"lazy\" src=\"https:\/\/www.smartsystems.gruenefeld.de\/wp-content\/uploads\/2020\/02\/tn_EG-CEO-circle.jpg\" alt=\"\" class=\"wp-image-167\" width=\"131\" height=\"131\"\/><\/figure>\n\n\n\n<p>Enno Gr\u00fcnefeld<br>Gesch\u00e4ftsf\u00fchrung und Technische Leitung<br><br><strong>Skype:<\/strong> ennogruenefeld<\/p>\n\n\n\n<p><\/p>\n\n\n\n<p><\/p>\n\n\n\n<p><\/p>\n\n\n\n<p>Interne Kommunikation:<\/p>\n","protected":false},"excerpt":{"rendered":"<p>Gr\u00fcnefeld Smart SystemsEnno Gr\u00fcnefeldDuffenterstra\u00dfe 5952222 Stolberg Tel. +49-(0)2402-1240945Fax +49-(0)2402-1240952 info@smartsystems.gruenefeld.dewww.smartsystems.gruenefeld.de Enno Gr\u00fcnefeldGesch\u00e4ftsf\u00fchrung und Technische Leitung Skype: ennogruenefeld Interne Kommunikation:<\/p>\n","protected":false},"author":1,"featured_media":0,"parent":0,"menu_order":0,"comment_status":"open","ping_status":"open","template":"","meta":[],"_links":{"self":[{"href":"https:\/\/www.smartsystems.gruenefeld.de\/index.php?rest_route=\/wp\/v2\/pages\/13"}],"collection":[{"href":"https:\/\/www.smartsystems.gruenefeld.de\/index.php?rest_route=\/wp\/v2\/pages"}],"about":[{"href":"https:\/\/www.smartsystems.gruenefeld.de\/index.php?rest_route=\/wp\/v2\/types\/page"}],"author":[{"embeddable":true,"href":"https:\/\/www.smartsystems.gruenefeld.de\/index.php?rest_route=\/wp\/v2\/users\/1"}],"replies":[{"embeddable":true,"href":"https:\/\/www.smartsystems.gruenefeld.de\/index.php?rest_route=%2Fwp%2Fv2%2Fcomments&post=13"}],"version-history":[{"count":16,"href":"https:\/\/www.smartsystems.gruenefeld.de\/index.php?rest_route=\/wp\/v2\/pages\/13\/revisions"}],"predecessor-version":[{"id":231,"href":"https:\/\/www.smartsystems.gruenefeld.de\/index.php?rest_route=\/wp\/v2\/pages\/13\/revisions\/231"}],"wp:attachment":[{"href":"https:\/\/www.smartsystems.gruenefeld.de\/index.php?rest_route=%2Fwp%2Fv2%2Fmedia&parent=13"}],"curies":[{"name":"wp","href":"https:\/\/api.w.org\/{rel}","templated":true}]}}